79759. Calculate q(26).
-87
Let k(l) = 578*l + 10802. What is k(-18)?
398
Let t(g) = -2*g**3 - 128*g**2 - 137*g - 608. What is t(-63)?
85
Let h(b) = 13360*b - 201647. What is h(15)?
-1247
Let l(p) = 57394*p + 4304600. Give l(-75).
50
Let o(w) = -254*w**2 - 210*w + 430. Determine o(2).
-1006
Let n(i) = -2794*i - 732050. What is n(-262)?
-22
Let j(g) = 5617*g + 994222. Calculate j(-177).
13
Let m(i) = i**3 + 6*i**2 - 9402*i - 243. Calculate m(-100).
-43
Let w(k) = -k**3 - 37*k**2 - 230*k - 281. Give w(-7).
-141
Let v(n) = -4*n**2 + 334*n + 9114. Determine v(-22).
-170
Let w(v) = 13*v**3 - 65*v**2 - 247*v + 1272. Calculate w(5).
37
Let c(d) = -d**3 + 2*d**2 - 155200*d + 465611. What is c(3)?
2
Let x(o) = 431*o - 189289. Give x(437).
-942
Let w(y) = -y**3 - 15*y**2 - 325*y - 6129. What is w(-17)?
-26
Let l(w) = -946*w + 926118. What is l(979)?
-16
Let w(c) = -c**2 - 54*c + 1270. What is w(-63)?
703
Let x(w) = 31187*w - 717025. What is x(23)?
276
Let x(k) = -k**3 - 96*k**2 + 41833*k + 9545. Calculate x(-258).
-1
Let n(x) = -25*x**2 + 1224*x - 3648. Calculate n(3).
-201
Let t(n) = n**3 + 60*n**2 + 1039*n + 42027. Determine t(-55).
7
Let p(j) = j**2 - 13*j - 795. Calculate p(-39).
1233
Let s(h) = 1186*h - 131716. What is s(111)?
-70
Let t(d) = -29*d**2 + 640*d - 291. Give t(22).
-247
Let d(m) = -1653*m - 55387. Give d(-31).
-4144
Let m(w) = 38992*w - 1130794. Determine m(29).
-26
Let y(b) = 27332*b + 437346. Give y(-16).
34
Let a(c) = 8209*c - 181099. Determine a(22).
-501
Let w(n) = -n**3 - 2*n**2 + 990*n + 10997. Give w(-13).
-14
Let w(v) = 247*v**3 + 6*v**2 - 4819*v - 4825. Give w(-1).
-247
Let f(t) = 3*t**3 - 77*t**2 + 53*t + 56. Determine f(25).
131
Let x(b) = b**3 - 11*b**2 + 485*b - 5973. Give x(12).
-9
Let n(b) = b**2 + 3399*b - 346300. Determine n(99).
2
Let g(l) = -1522*l**3 - 696*l + 696. Give g(1).
-1522
Let c(p) = -3*p**3 + 56*p**2 - 31*p - 426. Calculate c(4).
154
Let v(w) = w**2 - 1476*w - 40606. Calculate v(-27).
-25
Let f(k) = -455*k**2 - 6857*k - 91. What is f(-15)?
389
Let u(d) = 31*d**3 + 6*d**2 - 493*d + 1481. Determine u(3).
893
Let u(p) = 2*p**3 - 348*p**2 - 364*p + 63342. Determine u(174).
6
Let s(i) = 177*i - 6228. Calculate s(35).
-33
Let k(u) = -5*u**2 - 1463*u - 24773. Calculate k(-18).
-59
Let j(o) = 22*o**3 + 2733*o**2 - 2121*o + 477. What is j(-125)?
-23
Let j(p) = 953*p + 198204. Calculate j(-208).
-20
Let z(i) = 398*i + 35989. Give z(-91).
-229
Let p(y) = 3*y**2 + 122*y - 5334. Calculate p(-72).
1434
Let n(b) = 88804*b + 444033. Give n(-5).
13
Let q(b) = -2*b**3 + 184*b**2 + 357*b + 1851. Determine q(94).
65
Let d(y) = -98*y**2 - 191*y + 1. Calculate d(-3).
-308
Let l(r) = r**3 + 4*r**2 - 388*r - 158. Determine l(23).
5201
Let a(g) = -261*g - 1099. Determine a(-5).
206
Let o(u) = u**3 - 487*u - 1902. What is o(-4)?
-18
Let k(u) = -900*u + 52200. What is k(58)?
0
Let z(b) = -b**3 + 83*b**2 + 279*b - 1787. Calculate z(86).
19
Let u(o) = -o**3 + 144*o**2 - 733*o + 5286. Calculate u(139).
4
Let d(p) = 4*p**2 + 277*p + 4247. Give d(-22).
89
Let a(b) = -b**3 + 68*b**2 - 182*b - 901. Give a(65).
-56
Let r(u) = 3369*u + 295323. Calculate r(-87).
2220
Let c(j) = 7*j**2 - 1949*j + 92199. Give c(218).
-15
Let n(u) = u**2 + 804*u - 41111. Determine n(48).
-215
Let x(q) = 1326*q + 334143. What is x(-252)?
-9
Let p(x) = -847*x - 130415. Give p(-154).
23
Let i(g) = -1625*g**2 + 24373*g + 15. What is i(15)?
-15
Let r(y) = 187564*y + 4126346. Give r(-22).
-62
Let q(v) = 12*v**3 - 119*v**2 - 32*v - 27. What is q(9)?
-1206
Let u(f) = -3*f**2 - 14*f + 2944. Determine u(-34).
-48
Let v(p) = 13*p**3 + 414*p**2 - 78*p + 60. Calculate v(-32).
508
Let l(k) = -32779*k - 4785714. Determine l(-146).
20
Let a(o) = -132*o**3 + 4610*o**2 + 350*o - 7. What is a(35)?
-7
Let k(u) = 3*u**3 + 27*u**2 + 628*u + 6230. Calculate k(-10).
-350
Let y(f) = 7*f**2 - 2337*f - 41558. Determine y(-17).
194
Let z(l) = 652142*l - 3260715. Give z(5).
-5
Let j(c) = c**3 + c**2 - 1038*c + 6870. Determine j(7).
-4
Let w(j) = -692*j**2 + 46369*j - 335. What is w(67)?
0
Let k(z) = -z**2 - 8*z - 123. Determine k(-40).
-1403
Let i(o) = -26795*o - 6993496. Determine i(-261).
-1
Let b(y) = -234*y**2 - 104828*y + 1840. What is b(-448)?
48
Let b(i) = -i**2 - 892*i + 24174. Determine b(27).
-639
Let g(j) = 5*j**2 - 181. What is g(13)?
664
Let v(i) = 36656*i + 73052. What is v(-2)?
-260
Let o(u) = -1149*u + 84815. Give o(74).
-211
Let d(v) = -2*v**3 - 27*v**2 + 1827*v + 22431. What is d(-12)?
75
Let d(k) = 3484*k - 142851. What is d(41)?
-7
Let i(x) = 5*x**3 - 580*x**2 + 1283*x - 148829. What is i(116)?
-1
Let c(x) = -8*x**3 - 112*x**2 + 65*x + 65. Calculate c(-16).
3121
Let c(l) = 2*l**3 + 7*l**2 + 11498*l + 22980. Give c(-2).
-4
Let x(d) = -251*d**2 - 3346*d + 10046. Determine x(3).
-2251
Let m(s) = -1473*s - 92752. Give m(-63).
47
Let x(o) = -20591*o - 658446. Give x(-32).
466
Let k(j) = j**3 + 77*j**2 + 917*j - 256. Calculate k(-15).
-61
Let p(y) = -6*y**2 - 2279*y - 12487. Give p(-374).
603
Let m(x) = -12606*x + 2420351. Determine m(192).
-1
Let z(g) = 6177*g + 2890846. What is z(-468)?
10
Let a(f) = -1940*f + 65932. Determine a(34).
-28
Let f(c) = -30*c**3 + 80*c**2 + 48*c - 54. Determine f(3).
0
Let y(x) = -215012*x**2 + 645026*x + 34. Calculate y(3).
4
Let r(m) = m**3 - 468*m**2 + 42873*m + 751. Give r(343).
65
Let g(s) = 148*s**2 + 765*s - 7512. What is g(5)?
13
Let i(y) = 15*y**3 - 16*y**2 - 105*y + 24. Give i(-3).
-210
Let k(q) = -20297*q - 507672. Determine k(-25).
-247
Let x(l) = -l**2 + 205*l - 10520. Give x(101).
-16
Let j(c) = -5*c**2 - 2413*c - 11958. What is j(-5)?
-18
Let y(f) = -69*f**3 + 1451*f**2 - 40*f + 28. Calculate y(21).
70
Let k(j) = 897*j + 14282. Determine k(-16).
-70
Let z(h) = 29*h**2 + 103*h + 60. Calculate z(-1).
-14
Let j(q) = 121*q - 11218. Give j(109).
1971
Let f(n) = n**3 - 254*n**2 - 2685*n - 209859. Give f(267).
3
Let y(l) = -3*l**3 - 829*l**2 + 1394*l + 1032. Calculate y(-278).
-80
Let f(y) = 2*y**2 + 115*y - 1420. Determine f(-70).
330
Let n(d) = 3*d**2 + 3416*d - 6847. What is n(2)?
-3
Let v(m) = -415*m - 55119. Determine v(-133).
76
Let n(c) = 2*c**2 + 103*c + 392. Determine n(-47).
-31
Let z(i) = 3*i**3 + 80*i**2 - 177*i + 331. Determine z(-29).
-423
Let p(t) = 48*t**2 + 893*t - 1329. Give p(-20).
11
Let w(r) = 24*r**2 - 1985*r + 14345. Determine w(8).
1
Let m(r) = r**3 + 27*r**2 + 215*r + 1452. Calculate m(-7).
927
Let n(v) = 3*v**3 + 145*v**2 + 50*v + 974. Determine n(-48).
878
Let g(t) = -229*t**2 + 3577*t - 20. What is g(15)?
2110
Let p(u) = -2*u**3 + 70*u**2 + 2*u - 271. Determine p(35).
-201
Let a(p) = 108*p - 8742. Calculate a(81).
6
Let h(d) = 21*d**2 - 12093*d - 3002. Give h(576).
-1274
Let g(k) = 4*k**3 + 2*k**2 + 526*k + 525. Determine g(-1).
-3
Let m(o) = -o**3 + 295*o**2 + 1522*o - 6956. Give m(300).
-356
Let b(t) = 128*t**3 + 81*t**2 - 23*t + 1. What is b(3)?
4117
Let g(k) = -3172170*k - 19033019. Calculate g(-6).
1
Let y(s) = -s**2 + 328. Determine y(16).
72
Let u(q) = q**3 - 1251*q + 14068. Determine u(27).
-26
Let w(v) = v**3 + 3*v**2 - 4177*v - 12537. Calculate w(-3).
-6
Let p(g) = -10*g**3 + 1621*g**2 - 122*g - 6465. Calculate p(162).
15
Let s(c) = -c**3 - 307*c**2 - 14636*c - 233. What is s(-59)?
3
Let q(o) = o**3 - 61*o**2 + 1831*o - 11262. What is q(8)?
-6
Let w(x) = 4*x**3 - 100*x**2 - 335*x + 182. Determine w(28).
210
Let a(l) = -4596*l - 96637. What is a(-21)?
-121
Let n(s) = s**3 + 406*s**2 + 29544*s - 89. Calculate n(-95).
6
Let w(p) = 13*p**3 - 109*p**2 + 41*p - 192. What is w(8)?
-184
Let j(a) = 34674*a - 34698. Give j(1).
-24
Let h(k) = 44*k**3 - 836*k**2 + 4*k - 81. What is h(19)?
-5
Let b(x) = x**3 - 111*x**2 - 4259*x + 4425. Calculate b(-31).
-8
Let n(y) = 11296*y + 101677. What is n(-9)?
13
Let f(a) = 3306*a - 95977. Determine f(29).
-103
Let n(g) = g**3 - 121*g**2 - 1013*g + 14973. What is n(128)?
-3
Let k(f) = -3*f**2 + 1015*f - 15519. Give k(16).
-47
Let h(t) = 61*t + 372. Calculate h(7).
799
Let f(j) = -388*j + 4574. Calculate f(14).
-858
Let y(q) = 11*q**2 - 111*q - 1557. Determine y(-13).
1745
Let n(w) = -w**3 + 67*w**2 - 747*w + 50052. What is n(67)?
3
Let z(b) = 222*b**2 + 1950*b - 18. Calculate z(-9).
414
Let l(v) = -v**3 + 4*v**2 + 2655*v + 18040. What is l(-7)?
-6
Let t(q) = -2*q**2 - 3